emainder when 216307753 is divided by 215876?
1
What is the remainder when 353739773 is divided by 23582651?
8
What is the remainder when 14341310 is divided by 11?
5
What is the remainder when 39931 is divided by 12645?
1996
Calculate the remainder when 1742654 is divided by 721.
718
Calculate the remainder when 1515861 is divided by 505280.
21
Calculate the remainder when 63611 is divided by 1497.
737
Calculate the remainder when 3086851 is divided by 4217.
7
What is the remainder when 17565722 is divided by 34?
30
Calculate the remainder when 26982126 is divided by 184.
182
What is the remainder when 411780 is divided by 1337?
1321
What is the remainder when 16457037 is divided by 114?
111
Calculate the remainder when 898428 is divided by 224595.
48
Calculate the remainder when 30552 is divided by 6883.
3020
Calculate the remainder when 498712888 is divided by 291.
289
Calculate the remainder when 18803727 is divided by 9318.
3
Calculate the remainder when 6885415 is divided by 25885.
5
Calculate the remainder when 34008 is divided by 11079.
771
What is the remainder when 318483 is divided by 5658?
1635
What is the remainder when 298799 is divided by 59495?
1324
Calculate the remainder when 2197013 is divided by 3868.
3857
What is the remainder when 39497 is divided by 38778?
719
What is the remainder when 4660603 is divided by 695?
628
What is the remainder when 1160942 is divided by 2738?
30
What is the remainder when 10422383 is divided by 573?
86
What is the remainder when 187051 is divided by 8496?
139
What is the remainder when 705481 is divided by 15010?
11
Calculate the remainder when 863631 is divided by 5796.
27
What is the remainder when 389742 is divided by 41?
37
Calculate the remainder when 160037 is divided by 4545.
962
Calculate the remainder when 172398092 is divided by 1179.
1175
What is the remainder when 18496 is divided by 764?
160
Calculate the remainder when 2305743 is divided by 171.
150
Calculate the remainder when 236855257 is divided by 28.
9
Calculate the remainder when 17586 is divided by 17571.
15
Calculate the remainder when 342647 is divided by 170539.
1569
What is the remainder when 31118026 is divided by 869?
5
What is the remainder when 24049168 is divided by 1224?
16
Calculate the remainder when 1869106 is divided by 492.
490
What is the remainder when 2253278 is divided by 563319?
2
Calculate the remainder when 14316938 is divided by 1499.
1488
What is the remainder when 25201842 is divided by 241?
231
Calculate the remainder when 57643 is divided by 9.
7
Calculate the remainder when 176604 is divided by 29434.
0
What is the remainder when 5243067 is divided by 1747679?
30
Calculate the remainder when 16118955 is divided by 1074594.
45
What is the remainder when 72883609 is divided by 88?
73
What is the remainder when 1179466 is divided by 47169?
241
What is the remainder when 46819160 is divided by 39?
11
Calculate the remainder when 121647 is divided by 86.
43
What is the remainder when 108761923 is divided by 2219631?
4
Calculate the remainder when 29425 is divided by 2106.
2047
Calculate the remainder when 8799727 is divided by 288.
175
What is the remainder when 10005682 is divided by 782?
774
What is the remainder when 927885 is divided by 363?
57
What is the remainder when 850367 is divided by 850324?
43
What is the remainder when 72706 is divided by 8669?
3354
What is the remainder when 36065484 is divided by 24?
12
Calculate the remainder when 4104749 is divided by 70771.
31
Calculate the remainder when 40789 is divided by 554.
347
Calculate the remainder when 6186390 is divided by 3093194.
2
What is the remainder when 2757772 is divided by 35356?
4
What is the remainder when 283596 is divided by 166?
68
What is the remainder when 296290 is divided by 3215?
510
What is the remainder when 3169509 is divided by 1584683?
143
Calculate the remainder when 38706 is divided by 934.
412
Calculate the remainder when 4085655 is divided by 38.
9
Calculate the remainder when 46458197 is divided by 15486061.
14
Calculate the remainder when 778325 is divided by 111189.
2
Calculate the remainder when 52930 is divided by 588.
10
Calculate the remainder when 99027 is divided by 3653.
396
Calculate the remainder when 12122525 is divided by 2358.
47
What is the remainder when 685490 is divided by 1951?
689
Calculate the remainder when 858314 is divided by 858164.
150
What is the remainder when 46702 is divided by 1184?
526
Calculate the remainder when 158941 is divided by 2617.
1921
What is the remainder when 201674 is divided by 1390?
124
Calculate the remainder when 316633497 is divided by 90.
87
What is the remainder when 870325 is divided by 5882?
5671
What is the remainder when 339768 is divided by 6459?
3900
Calculate the remainder when 653312 is divided by 2816.
0
Calculate the remainder when 401913 is divided by 100360.
473
Calculate the remainder when 1195096 is divided by 1481.
1410
What is the remainder when 1000344 is divided by 494?
488
Calculate the remainder when 775544 is divided by 51561.
2129
What is the remainder when 35684486 is divided by 17842206?
74
What is the remainder when 2371185 is divided by 139481?
8
Calculate the remainder when 423763 is divided by 12765.
2518
Calculate the remainder when 13268659 is divided by 82.
75
What is the remainder when 581762 is divided by 283?
197
Calculate the remainder when 98907 is divided by 2492.
1719
What is the remainder when 10521 is divided by 207?
171
Calculate the remainder when 28887 is divided by 9385.
732
What is the remainder when 235145 is divided by 19589?
77
Calculate the remainder when 1004986 is divided by 653.
19
Calculate the remainder when 270613 is divided by 4228.
21
Calculate the remainder when 18132477 is divided by 120.
117
What is the remainder when 1769496 is divided by 2673?
2643
What is the remainder when 1965506 is divided by 115617?
17
What is the remainder when 88961 is divided by 3423?
3386
Calculate the remainder when 567948 is divided by 59.
14
What is the remainder when 622440 is divided by 1468?
8
What is the remainder when 77919 is divided by 19381?
395
Calculate the remainder when 531219 is divided by 17127.
282
What is the remainder when 2573186 is divided by 140?
126
Calculate the remainder when 2064525 is divided by 1032256.
13
What is the remainder when 2065377 is divided by 1032455?
467
Calculate the remainder when 126557 is divided by 42164.
65
Calculate the remainder when 17239443 is divided by 400917.
12
Calculate the remainder when 16178 is divided by 7609.
960
What is the remainder when 14794427 is divided by 40?
27
What is the remainder when 715866 is divided by 357596?
674
Calculate the remainder when 1519703 is divided by 759628.
447
What is the remainder when 504088956 is divided by 640?
636
Calculate the remainder when 833728 is divided by 104171.
360
What is the remainder when 319265 is divided by 598?
531
Calculate the remainder when 172152358 is divided by 86076169.
20
What is the remainder when 1082562 is divided by 549?
483
What is the remainder when 8096891 is divided by 50604?
251
What is the remainder when 903414 is divided by 21?
15
Calculate the remainder when 206889 is divided by 206883.
6
What is the remainder when 147962 is divided by 28?
10
Calculate the remainder when 37583 is divided by 811.
277
What is the remainder when 517690 is divided by 1263?
1123
What is the remainder when 6855192 is divided by 76?
68
Calculate the remainder when 30865180 is divided by 8918.
8900
Calculate the remainder when 3223438 is divided by 726.
724
Calculate the remainder when 1689866 is divided by 10304.
10
Calculate the remainder when 300153 is divided by 75028.
41
Calculate the remainder when 1285234 is divided by 428390.
64
What is the remainder when 79741874 is divided by 252?
2
Calculate the remainder when 11799542 is divided by 116.
22
What is the remainder when 1154344 is divided by 57717?
4
Calculate the remainder when 1203161 is divided by 98.
15
What is the remainder when 50409 is divided by 16086?
2151
Calculate the remainder when 23870058 is divided by 5.
3
What is the remainder when 767295 is divided by 584?
503
What is the remainder when 298311 is divided by 14177?
594
Calculate the re